{"id":2183,"date":"2020-04-20T18:50:06","date_gmt":"2020-04-20T17:50:06","guid":{"rendered":"https:\/\/www.francecricket.com\/?page_id=2183"},"modified":"2026-03-31T18:29:18","modified_gmt":"2026-03-31T17:29:18","slug":"nous-connaitre","status":"publish","type":"page","link":"https:\/\/www.francecricket.com\/?page_id=2183","title":{"rendered":"Nous conna\u00eetre"},"content":{"rendered":"<div style=\"text-align: justify;font-size:20px\">\n<div>\n<p><img decoding=\"async\" class=\"pull-left\" src=\"wp-content\/uploads\/news.jpg\" alt=\"\" height=\"200\" \/><\/p>\n<p><b>Deuxi\u00e8me sport mondial<\/b>\u00a0en nombre de licenci\u00e9s, le cricket est tr\u00e8s populaire dans les anciens pays du Commonwealth. La France poss\u00e8de une double particularit\u00e9 que l\u2019on ne pourra jamais lui retirer : la possible cr\u00e9ation du cricket et une m\u00e9daille d\u2019argent olympique.<\/p>\n<\/div>\n<div>\n<p>D\u2019apr\u00e8s de vieux t\u00e9moignages retrouv\u00e9s aux Archives nationales, mentionnant un match de cricket en 1478 \u00e0 Liettres, le cricket pourrait \u00eatre n\u00e9 en France. La France accueille et participe \u00e9galement \u00e0 la seule rencontre olympique de cricket disput\u00e9e \u00e0 ce jour, lors des Jeux olympiques de Paris 1900. D\u00e9programm\u00e9 aux Jeux de Saint-Louis en 1904 , le cricket fera son retour au programme olympique \u00e0 Los Angeles en 2028.<\/p>\n<\/div>\n<p>&nbsp;<\/p>\n<p><img loading=\"lazy\" decoding=\"async\" class=\"pull-right\" src=\"wp-content\/uploads\/Shot14.jpg\" alt=\"\" width=\"200\" height=\"150\" \/><\/p>\n<p><img loading=\"lazy\" decoding=\"async\" class=\"pull-left\" src=\"wp-content\/uploads\/download.jpg\" alt=\"\" width=\"208\" height=\"350\" \/>Les \u00e9crits d\u2019Horace Walpole attestent de la pr\u00e9sence du cricket \u00e0 Paris en 1766, et le Marylebone Cricket Club avait m\u00eame pr\u00e9vu sa premi\u00e8re tourn\u00e9e hors des \u00eeles Britanniques en France en juillet 1789. <\/p>\n<p>La R\u00e9volution fran\u00e7aise repoussa d\u00e9finitivement ce projet. La France a remport\u00e9 \u00e0 trois reprises le championnat d\u2019Europe (1993, 1996 et 1997). La finale de 1997 est class\u00e9e parmi les 100 meilleurs matchs du XX\u1d49 si\u00e8cle.<\/p>\n<p>&nbsp;<br \/>\n&nbsp;<\/p>\n<p>France Cricket (FC), est membre associ\u00e9 de la F\u00e9d\u00e9ration internationale de cricket. Elle a pour objet l\u2019organisation g\u00e9n\u00e9rale, le d\u00e9veloppement et la promotion de la pratique du cricket.<\/p>\n<p>&nbsp;<\/p>\n<p><center><\/center><img decoding=\"async\" src=\"wp-content\/uploads\/SP1.jpg\" alt=\"\" \/><\/p>\n<p>&nbsp;<\/p>\n<p>L\u2019instance est \u00e9galement charg\u00e9e de l\u2019organisation des rencontres internationales de l\u2019\u00e9quipe de France, du championnat de France, des comp\u00e9titions nationales , interr\u00e9gionales, ainsi que de la formation des animateurs, entra\u00eeneurs, arbitres et scoreurs.<\/p>\n<p>&nbsp;<\/p>\n<\/div>\n","protected":false},"excerpt":{"rendered":"<p>Deuxi\u00e8me sport mondial\u00a0en nombre de licenci\u00e9s, le cricket est tr\u00e8s populaire dans les anciens pays du Commonwealth. La France poss\u00e8de [&hellip;]<\/p>\n","protected":false},"author":1,"featured_media":0,"parent":1587,"menu_order":0,"comment_status":"closed","ping_status":"closed","template":"page-templates\/full-width.php","meta":{"cybocfi_hide_featured_image":"","footnotes":""},"tags":[],"class_list":["post-2183","page","type-page","status-publish","hentry"],"_links":{"self":[{"href":"https:\/\/www.francecricket.com\/index.php?rest_route=\/wp\/v2\/pages\/2183","targetHints":{"allow":["GET"]}}],"collection":[{"href":"https:\/\/www.francecricket.com\/index.php?rest_route=\/wp\/v2\/pages"}],"about":[{"href":"https:\/\/www.francecricket.com\/index.php?rest_route=\/wp\/v2\/types\/page"}],"author":[{"embeddable":true,"href":"https:\/\/www.francecricket.com\/index.php?rest_route=\/wp\/v2\/users\/1"}],"replies":[{"embeddable":true,"href":"https:\/\/www.francecricket.com\/index.php?rest_route=%2Fwp%2Fv2%2Fcomments&post=2183"}],"version-history":[{"count":13,"href":"https:\/\/www.francecricket.com\/index.php?rest_route=\/wp\/v2\/pages\/2183\/revisions"}],"predecessor-version":[{"id":7575,"href":"https:\/\/www.francecricket.com\/index.php?rest_route=\/wp\/v2\/pages\/2183\/revisions\/7575"}],"up":[{"embeddable":true,"href":"https:\/\/www.francecricket.com\/index.php?rest_route=\/wp\/v2\/pages\/1587"}],"wp:attachment":[{"href":"https:\/\/www.francecricket.com\/index.php?rest_route=%2Fwp%2Fv2%2Fmedia&parent=2183"}],"wp:term":[{"taxonomy":"post_tag","embeddable":true,"href":"https:\/\/www.francecricket.com\/index.php?rest_route=%2Fwp%2Fv2%2Ftags&post=2183"}],"curies":[{"name":"wp","href":"https:\/\/api.w.org\/{rel}","templated":true}]}}