{"id":1640,"date":"2020-04-18T13:41:34","date_gmt":"2020-04-18T12:41:34","guid":{"rendered":"https:\/\/www.francecricket.com\/?page_id=1640"},"modified":"2021-01-08T20:20:25","modified_gmt":"2021-01-08T19:20:25","slug":"se-licencier","status":"publish","type":"page","link":"https:\/\/www.francecricket.com\/?page_id=1640","title":{"rendered":"Se licencier"},"content":{"rendered":"<h3>Pourquoi se licencier ?<\/h3>\n<p>Contrairement aux id\u00e9es re\u00e7ues, la licence n\u2019est pas r\u00e9serv\u00e9e aux joueurs souhaitant faire de la comp\u00e9tition !<br \/>\nLa licence sportive est \u00ab un acte unilat\u00e9ral d\u2019une f\u00e9d\u00e9ration \u00bb qui permet la pratique du cricket \u00e0 tous les niveaux, y compris la participation aux comp\u00e9titions officielles. Mais une licence c\u2019est aussi pour les arbitres, les formateurs, ainsi que pour les dirigeants d\u2019un club. \u00c9videmment, pour ceux et celles qui r\u00eavent de jouer pour la France, \u00e7a commence avec la prise d\u2019une licence !<\/p>\n<p>En prenant une licence, on s\u2019engage \u00e0 respecter et promouvoir les valeurs du cricket, et \u00e0 faire avancer notre sport bien-aim\u00e9.<\/p>\n<h3>Quelle est la proc\u00e9dure ?<\/h3>\n<ul>\n<li>Trouver un club pr\u00e8s de chez soi (aller \u00e0 la rubrique \u00ab annuaire des clubs \u00bb)<\/li>\n<li>S\u2019inscrire dans le club choisi.<\/li>\n<li>Remplir le bulletin d\u2019adh\u00e9sion du club pour prendre une licence.<\/li>\n<\/ul>\n<p><\/p>\n<h3>Quels documents me faut-il fournir ?<\/h3>\n<ul>\n<li>Certificat m\u00e9dical de non contre indication \u00e0 la pratique du cricket (\u00e0 demander \u00e0 son m\u00e9decin).<\/li>\n<li>Photo identit\u00e9 (papier ou num\u00e9ris\u00e9e).<\/li>\n<li>Une autorisation parentale pour les mineurs.<\/li>\n<\/ul>\n<p><\/p>\n<h3>Quand est-ce que je peux prendre une licence?<\/h3>\n<ul>\n<li>Tout au long de l\u2019ann\u00e9e mais il faut prendre en compte que :\n<ul>\n<li>la saison sur terrain, y compris les matchs de comp\u00e9tition, c\u2019est typiquement entre avril et fin-septembre.<\/li>\n<li>les matchs, tournois et entra\u00eenement en salle (indoor): entre octobre et mars.<\/li>\n<\/ul>\n<\/li>\n<\/ul>\n","protected":false},"excerpt":{"rendered":"<p>Pourquoi se licencier ? Contrairement aux id\u00e9es re\u00e7ues, la licence n\u2019est pas r\u00e9serv\u00e9e aux joueurs souhaitant faire de la comp\u00e9tition [&hellip;]<\/p>\n","protected":false},"author":1,"featured_media":0,"parent":1594,"menu_order":0,"comment_status":"closed","ping_status":"closed","template":"page-templates\/full-width.php","meta":{"cybocfi_hide_featured_image":"","footnotes":""},"tags":[],"class_list":["post-1640","page","type-page","status-publish","hentry"],"_links":{"self":[{"href":"https:\/\/www.francecricket.com\/index.php?rest_route=\/wp\/v2\/pages\/1640","targetHints":{"allow":["GET"]}}],"collection":[{"href":"https:\/\/www.francecricket.com\/index.php?rest_route=\/wp\/v2\/pages"}],"about":[{"href":"https:\/\/www.francecricket.com\/index.php?rest_route=\/wp\/v2\/types\/page"}],"author":[{"embeddable":true,"href":"https:\/\/www.francecricket.com\/index.php?rest_route=\/wp\/v2\/users\/1"}],"replies":[{"embeddable":true,"href":"https:\/\/www.francecricket.com\/index.php?rest_route=%2Fwp%2Fv2%2Fcomments&post=1640"}],"version-history":[{"count":0,"href":"https:\/\/www.francecricket.com\/index.php?rest_route=\/wp\/v2\/pages\/1640\/revisions"}],"up":[{"embeddable":true,"href":"https:\/\/www.francecricket.com\/index.php?rest_route=\/wp\/v2\/pages\/1594"}],"wp:attachment":[{"href":"https:\/\/www.francecricket.com\/index.php?rest_route=%2Fwp%2Fv2%2Fmedia&parent=1640"}],"wp:term":[{"taxonomy":"post_tag","embeddable":true,"href":"https:\/\/www.francecricket.com\/index.php?rest_route=%2Fwp%2Fv2%2Ftags&post=1640"}],"curies":[{"name":"wp","href":"https:\/\/api.w.org\/{rel}","templated":true}]}}